e -4 = -5*h - 19. Let y(b) = -b**2 + b + 1. Let m(q) = 2*q**2 - 3*q - 2. Let z(a) = -4*m(a) - 9*y(a). Calculate z(h).
-1
Let m(j) be the third derivative of -3/40*j**6 - 1/6*j**3 + 0*j**5 - 2*j**2 + 0*j + 0*j**4 + 0. Calculate m(-1).
8
Let g be (-4 - -6) + 0*(2 + -3). Suppose -3*f + f + 5*b = 25, 2*f - 5 = -b. Let l(p) = -5*p**3 + 8*p**2 + 2*p**3 - 4*p**2 + f - 3*p + g. Calculate l(2).
-12
Suppose 2*m - 13 - 1 = 0. Let f(x) = x**2 + 8*x + 4. Let a(j) = -j**2 - 7*j - 3. Let h(p) = m*a(p) + 6*f(p). What is h(-4)?
-9
Let x(l) = -2*l. Let i be x(2). Let w(t) = -8*t - 6. Let c(n) = -n. Let p(y) = 6*c(y) - w(y). Give p(i).
-2
Let v(u) = -u**3 + u**2. Let j(c) = 7*c**3 - 11*c**2 + 4*c. Let l(b) = j(b) + 6*v(b). Determine l(3).
-6
Let q(u) = -u**3 - u**2 - u. Let m(x) = -x - 8. Let s be m(-7). Let a(n) = 3*n**3 - 2*n + 2. Let j(v) = s*a(v) - 2*q(v). What is j(3)?
1
Let f(s) be the third derivative of -s**6/120 - s**4/12 + s**3/6 + 12*s**2. What is f(-2)?
13
Let a = -8 + 10. Let y(l) = -5*l**2 - 6*l - 6 + 5*l - 7*l + 4*l**a. Give y(-5).
9
Let p(l) = 2*l - 4 - 18*l**2 + 7*l**2 + 10*l**2. Calculate p(3).
-7
Let t(n) = 3103 + 7*n - 3103. Calculate t(2).
14
Let a = 34 - 34. Let q(j) be the third derivative of 0*j**3 + 2*j**2 + 0 + a*j - 1/12*j**4. Calculate q(-3).
6
Let h(x) = -x**3 + 5*x**2 - 4*x. Suppose 2*r + 8*u = 12*u + 4, 2*r - 5*u = 3. Determine h(r).
0
Let v(x) = -x**2 + 2*x + 5. Suppose -o + 2 = -0*o. Suppose 3*p + 11 = 5*n, -n - 4*p - 5 = o*n. Suppose -2*d = 3*z - 17, 2*d - 5*z + n + 6 = 0. Calculate v(d).
-3
Suppose c + y + 33 = -3*c, -2*c = -3*y + 13. Let k be 78/(-8) - 15/(-20). Let i = k - c. Let v(t) = 2*t**2 - 2*t - 1. Determine v(i).
3
Let m(g) be the first derivative of -g**3/3 - 3*g**2/2 - 4*g - 6. Determine m(-4).
-8
Let n(f) = -f + 1. Let u(c) = -c + 1. Suppose 6*a - a - 50 = 0. Suppose -10 = -2*z, -4*w - 3*z = -z + a. Let b(x) = w*n(x) + 6*u(x). What is b(2)?
-1
Let t(s) = 2*s**2 - 7*s + 4. Let b be (1 + (-4)/(-20))/(9/30). Determine t(b).
8
Let n(b) = 12*b**2 - 35*b**2 + 16*b**2 + b**3 + 7 + 14*b**2. Determine n(-7).
7
Let c(b) = -9*b**2 - 22*b - 9. Let n(u) = 4*u**2 + 11*u + 4. Let j(k) = -3*c(k) - 7*n(k). What is j(-11)?
-1
Let h(v) = -5*v**3 - 2*v**2 + 4*v - 2. Let u(z) = -z**3 - z**2 - 1. Let g(x) = -h(x) + 4*u(x). What is g(4)?
14
Let a(j) = 2*j + 1 - 2 + 3*j. Let b be a(1). Let f(v) = -v**2 + v + 1. Let z(m) = -2*m**2 + 7*m - 3. Let h(c) = -f(c) + z(c). Give h(b).
4
Suppose -4*f - 2 = -2*f. Let s = 0 - f. Let y(v) = 6*v - 1. Let l(u) = 11*u - 3. Let c(p) = 2*l(p) - 5*y(p). Give c(s).
-9
Let t(c) = -34*c - 5. Let o(y) = 23*y + 3. Let d(f) = 7*o(f) + 5*t(f). Let a(v) = -6*v - 3. Let j(m) = -7*a(m) + 5*d(m). Calculate j(2).
-5
Suppose 21 = -6*t + 9*t. Let i(y) = -y + 11. Let w(f) = f - 11. Let z(n) = -3*i(n) - 4*w(n). What is z(t)?
4
Let j(p) be the third derivative of p**8/20160 - p**7/5040 - p**6/360 + p**5/30 - 2*p**2. Let k(q) be the third derivative of j(q). Let v = 15 - 11. Give k(v).
10
Let w(f) be the second derivative of f**4/12 + 13*f**3/6 + 2*f**2 + 2*f + 8. Determine w(-13).
4
Let w(k) = k**3 + 7 - 8*k**2 + 2*k - 2 - 3*k + 3*k**2. Give w(5).
0
Suppose -f - 4 = -7. Let i(z) = z**2 + 2 - 5*z**3 + z + 4*z**f + 2*z**3. Give i(0).
2
Let k(b) = -5*b**2 + 4*b + 3. Let c(t) = -6*t**2 + 5*t + 4. Let n(m) = 2*c(m) - 3*k(m). Give n(2).
7
Let m(f) = -2*f - 2*f - 1 + 6 + 2*f. What is m(4)?
-3
Let d(c) = c - 4*c + c - 2*c. What is d(1)?
-4
Let j(q) be the first derivative of -q**3/3 + q**2/2 + 5*q - 17. What is j(0)?
5
Let w = 7 + -4. Suppose -5*t + w*t = -5*u + 21, 5*t - u = -18. Let x(f) = f**3 + f**2 - 4*f - 3. Give x(t).
-9
Suppose b - 1 = -0*b. Let l(k) be the first derivative of -1/2*k**2 + 7/3*k**3 - 1 + 0*k. Calculate l(b).
6
Let s(n) be the first derivative of -n**2/2 + n + 3. Let r(x) = 3*x. Let z(d) = r(d) + 6*s(d). Let k(g) = 6*g - 12. Let m(t) = -4*k(t) - 7*z(t). What is m(5)?
-9
Let y(k) = 0*k - 3 + k - 4. Let u = 155 - 148. Give y(u).
0
Let l(p) = -p - 10. Let r(m) = m + 11. Let j(x) = 3*l(x) + 2*r(x). Let s(g) = g**2 - 8*g. Let h = 2 + 6. Let w be s(h). Calculate j(w).
-8
Let b(n) be the third derivative of -n**5/60 + n**4/8 + n**3/6 + 7*n**2. Determine b(3).
1
Let b(n) = -6*n + 3. Suppose -5*p + 5*w = -15, 3*p + 4*w - 2 = -0*p. Give b(p).
-9
Let t(v) = 6*v**3 + v**2 - 5*v**2 - 1 - v**3 + 5*v**2. Let w(i) = -i**3 + 6*i**2 - 1. Let c be w(6). Calculate t(c).
-5
Let c(j) = -j**2 - 1 - 3*j**2 + 0. Let l be c(-1). Let a(q) = 3*q + 5. Calculate a(l).
-10
Let x(s) be the second derivative of s**3/2 + 5*s**2/2 + s. Let q(t) = t**2 - t - 16. Let l be q(-3). Calculate x(l).
-7
Let z(m) = -2*m - 1. Let h = -10 - -14. Suppose h - 7 = -g. Determine z(g).
-7
Let c(u) = 8*u + 1. Let h be (-4)/(-1)*(-6)/12. Let q be (2/3*-3)/h. Determine c(q).
9
Let k(c) be the third derivative of -c**6/120 + c**5/5 - c**3 + 54*c**2. What is k(12)?
-6
Let u(y) be the third derivative of -y**6/120 - 7*y**5/60 + y**4/12 + y**3/3 - 14*y**2. What is u(-7)?
-12
Let m be (14/35 + 43/(-20))*-4. Let u(o) = -2*o + 9. Determine u(m).
-5
Let x(t) be the second derivative of -1/6*t**3 + 0 - 5*t - 5/2*t**2 + 1/20*t**5 + 1/12*t**4. Determine x(0).
-5
Let z(h) be the third derivative of -h**2 + 0*h + 1/30*h**5 + 0 - 1/6*h**3 + 1/12*h**4. Suppose -6*x + 10*x - 8 = -s, -x + 4*s - 15 = 0. Give z(x).
3
Let g(x) be the third derivative of x**5/60 - 3*x**4/8 + 3*x**3/2 + 16*x**2. Calculate g(6).
-9
Let u(r) = -7*r**2 + r - 9. Let o(q) = -3*q**2 + q - 4. Let v(f) = -5*o(f) + 2*u(f). Calculate v(3).
2
Let j(w) = 12*w. Let u be j(1). Let c = u - 5. Let v be (c + -5)*(-10)/(-4). Let q(m) = m**2 - 4*m + 5. What is q(v)?
10
Suppose 2*n - 6 = -0*n. Let y be ((-2)/5)/(2/(-10)). Let x(b) = 0 + y + b**n - 3*b + 1 - 2*b**2. Calculate x(2).
-3
Suppose 3 = 4*d - 3*d. Let o(j) = -2 + 10 + 2*j - 2*j**3 + 3*j**3 - 5 - 4*j**2. What is o(d)?
0
Let l be (-20)/(-6)*(-18)/(-15). Let g(n) = n**3 + 4*n**2 - 5*n + 3. Let y be g(-5). Let c(a) = 0 + 0 - y*a**2 + a**3 - 4*a + 1. Give c(l).
1
Let i(s) = -s**3 - 6*s**2 - s - 5. Let z = 51 - 57. Give i(z).
1
Let k(g) = -2*g + 13. Let t(o) = -o + 6. Let v(m) = -6*k(m) + 13*t(m). What is v(6)?
-6
Suppose -5*x + 15 = -5*c, -28 = 6*c - 2*c + 4*x. Let l(s) = -s**2 - 6*s + 4. Determine l(c).
9
Let g(o) = -o**2 - 5*o - 5. Suppose 0 = -0*t - 2*t + 4*y + 10, 2*y = -3*t - 25. Give g(t).
-5
Let m(w) = -w**2 + w. Let p(y) = 5*y**2 + y + 5. Let o(l) = -4*m(l) - p(l). Let f(t) = -t**3 + 6*t**2 - 5*t - 4. Let z be f(5). Give o(z).
-1
Let i(o) = -o**2 - 4*o. Suppose 0*s = -s. Let t = 2 - s. Let k(d) = -d**3 + 3*d**2 - 3*d. Let z be k(t). What is i(z)?
4
Let r(v) be the first derivative of 5/2*v**2 - 2*v + 1/3*v**3 - 1. Determine r(-6).
4
Suppose 3*p - 2*p + 10 = -5*t, -4*t = 5*p + 8. Suppose 5*c + 3*r = 4*r + 6, -r = -4. Let l(j) = 2*j**2 + 1 - j**2 + 0*j**c + j. Calculate l(t).
3
Let h = 103681/120 + -864. Let b(v) be the third derivative of -1/60*v**5 + 0*v - 1/3*v**3 + v**2 - h*v**6 + 0 + 1/24*v**4. Calculate b(0).
-2
Let p(f) = -f - f + 3*f. Let n be p(5). Let o = n - 8. Let i(r) = -r**2 - r + 2. Determine i(o).
-4
Let q be -1*(-2)/4*0. Let p = q - -3. Let l(z) be the third derivative of z**4/12 + z**3/6 + z**2. Give l(p).
7
Let s(k) = 4*k + 5*k - k - 4*k - 3. Suppose -3*v = 3*g + 18, -6*v + 3*v - g = 16. Let n(l) = -9*l + 6. Let x(t) = v*s(t) - 2*n(t). Give x(5).
-7
Let p(y) be the first derivative of y**2 + 7*y + 1. Let k(c) = c**2 - 5*c + 4. Let r be k(4). Suppose -3*x - 7 - 8 = r. Give p(x).
-3
Let z = -134 - -129. Let k(u) = 3*u**2 - 5*u + 15. Let q(t) = 5*t**2 - 7*t + 23. Let m(w) = 8*k(w) - 5*q(w). Determine m(z).
5
Let r(s) = 2 - 4 - 3 + 4*s + s**2 + 2. Calculate r(-6).
9
Let a(r) be the third derivative of r**5/60 + r**4/24 - 3*r**3/2 - 14*r**2. What is a(0)?
-9
Let y(o) = 2*o - 9. Suppose 0*t - 78 = -13*t. Determine y(t).
3
Let x(b) = 14*b. Let h(t) = 3*t + 15. Let z be h(-5). Suppose 0*i + 2*i + 2*o - 4 = z, 20 = -5*i + 5*o. Give x(i).
-14
Suppose 9*y - 4*y + 5 = 0. Let o(b) be the first derivative of b + 2 - 4/3*b**3 + b**2. What is o(y)?
-5
Let t(j) = -j**2 + 3*j + 4. Let b be t(5). Let s(r) = -r**2 - 7*r - 2. Determine s(b).
4
Let s(p) = 3*p + 4. Let m(c) = c**3 - 6*c**2 - c - 6. Let k be m(6). Let x(y) = y**2 + 11*y - 16. Let f be x(k). Wha